*h**2 - 6*h. Let f(y) = -4*y**2 - 3*y. Let n(w) = 5*f(w) - 3*k(w). What is n(s)?
10
Let o = -5 - -5. Let y(v) = o*v - 6*v + 0*v. Calculate y(1).
-6
Let q(r) = -2 + 5*r + 0 - r**2 - 1. Suppose -2*y - 4*i = 3*y - 22, 13 = 5*y + i. Determine q(y).
3
Suppose 7*z - 2*z + 20 = 0. Let u(q) = q**2 + 5*q + 4. What is u(z)?
0
Let o(y) = -15 - 7*y - 3 + 17. Give o(1).
-8
Let y(h) be the second derivative of -4*h + 1/6*h**3 + 1/3*h**4 + 0*h**2 + 0. Let x(a) = a**3 + a + 1. Let i be x(-1). Calculate y(i).
3
Let l(x) be the third derivative of -x**6/120 - 3*x**5/20 - 3*x**4/8 - 2*x**3 - 3*x**2 + 18*x. Give l(-8).
-4
Let y(s) = 295 + 2*s - 296 + 0*s**2 - 2*s**2 + s**3. Give y(2).
3
Let g(i) = -i - 2. Let d be 3/12*-2*-2. Let v be (d/2)/(5/(-60)). Let b = 6 + v. Give g(b).
-2
Let d(w) be the third derivative of w**4/24 + w**3/6 + 5*w**2. What is d(5)?
6
Let u be (-2)/(-6)*(-1 - -1). Suppose -2*h + u*h + 12 = 0. Let l(v) = -v**3 + 6*v**2 - v + 6. Give l(h).
0
Let h(b) be the second derivative of b**5/20 + 5*b**4/12 - b**3/6 - 7*b**2/2 - 17*b. Calculate h(-5).
-2
Let r(x) be the second derivative of -x**3/6 + x**2 + 2*x. What is r(-3)?
5
Let k(w) = 2*w + 4. Suppose 0 = 2*n - 19 + 7. Suppose 18 = -4*g - n. What is k(g)?
-8
Let c(d) = -162*d + 2 + 2 + 163*d. What is c(-3)?
1
Let w(d) = d**3 + 7*d**2 + 6*d + 3. Let n be w(-6). Let u = n + -3. Let p(h) = -h**2 + h - 6. Calculate p(u).
-6
Suppose -d + 23 = 2*x - 6*x, -2*d - 5*x + 59 = 0. Suppose 5*k + 3*c + c - 3 = 0, 0 = -4*k + 5*c + d. Let t(m) = 3*m**2 - 5*m + 2. Calculate t(k).
14
Let v(y) = -2*y + 1. Let u be 1*(1 - -1)*-1. Let g = 3 + u. Give v(g).
-1
Let f be (1 - 1)/3 + 2. Let r(t) = -2*t + 7*t - 3*t - f - t. Calculate r(2).
0
Let j(i) = i**2 - 6*i + 8. Let p = 8 + -2. Determine j(p).
8
Let x be (-2 - -2)/(-2 + 3). Suppose -4*f + x = -4. Let g(o) = 3*o**3 - 2 + 0 + f. Calculate g(-1).
-4
Let h(s) = s + 2. Let y(v) = -4*v - 13. Let m(p) = -15*h(p) - 3*y(p). Determine m(6).
-9
Let q(c) = 4*c**3 - 2*c - 1. Let p be q(-1). Let j(b) be the second derivative of -b**4/12 + 3*b**2/2 - 3*b. Calculate j(p).
-6
Suppose 3*n + 5*q = 1, -2*q + 7*q + 7 = n. Let w(j) = -5*j + j**2 + 3*j + 4 - j - n + j**3. Determine w(2).
8
Let s(w) = 2*w**3 + 15*w**2 + 11*w + 9. Let u(h) = h**3 + 7*h**2 + 5*h + 4. Let p(n) = 3*s(n) - 7*u(n). Calculate p(-3).
-4
Suppose -2*i - 3*z = 3*i + 16, -35 = 4*i - 5*z. Let f(q) be the second derivative of 0 - 1/12*q**4 - q - 2/3*q**3 + 1/2*q**2. Give f(i).
-4
Let n(k) = k + 1. Let l = -54 - -89. Suppose -l = 5*t + 5*u, 2*t - 11 = -0*t + 3*u. Give n(t).
-1
Let o(y) = y - 5. Suppose -26 = -3*i - 8. Let v be o(i). Let j be ((-2)/4)/(v/(-8)). Let s(w) = w**2 - w - 3. Calculate s(j).
9
Let a(m) = -5*m + 13. Let u(z) = 3*z - 9. Let o(q) = 5*a(q) + 8*u(q). Let n be (-4)/22 - (-1575)/(-231). What is o(n)?
0
Suppose -w = w - 8. Let d(l) = -l**2 + l. Let g(u) = 2*u + 4. Let b(o) = d(o) + g(o). What is b(w)?
0
Let s be ((-21)/6)/(-7)*0. Let r(n) = n**3 + s*n**3 + 2*n + 3 + n**2 - 4 - 3*n**2. Give r(1).
0
Let r be ((-2)/4)/((-4)/16). Let u(n) = -2*n**2 + n - 1. Give u(r).
-7
Let r = -29 + 34. Let u(x) = -x**2 + 7*x - 1. Determine u(r).
9
Let c = 13 + -21. Let m(d) = -d - 8. Determine m(c).
0
Let b(a) = a**3 + 4*a**2 - 5*a - 1. Let p(h) = h**3 - 9*h**2 - h + 4. Let t be p(9). Calculate b(t).
-1
Suppose 2 = -5*h + 5*z - 8, -3*z = h + 14. Let l = h + 2. Let b(x) be the first derivative of -x**4/4 - 4*x**3/3 - x**2/2 + x - 2. Determine b(l).
-5
Let j = -12 - -13. Let x(v) = -v**3 + 3*v**2 - 1. What is x(j)?
1
Let w = -31 - -15. Let d be (6/4)/((-12)/w). Let k(q) = 4*q - 2. Calculate k(d).
6
Let x(c) = -2*c**3 - 14*c**2 - 15*c - 2. Let p(s) = s**3 + 7*s**2 + 8*s + 1. Let q(y) = -11*p(y) - 6*x(y). Give q(-6).
25
Let c(y) = 4*y**2 - 9*y + 1. Let p(u) = -3*u**2 + 8*u - 1. Let f(m) = -2*c(m) - 3*p(m). Let z = 54 - 51. Determine f(z).
-8
Let r(l) = -l**2 + 12*l - 11. Let t be r(11). Let k(d) = -d**3 + d - 7. Determine k(t).
-7
Let m(d) = d**3 + 5*d**2 - 6*d + 4. Let y be (-2)/(-6) + 19/(-3). Give m(y).
4
Let s(k) be the first derivative of -1/3*k**3 + 4*k + 1 - 1/2*k**2. Suppose 0 = -5*z + 5 - 20. What is s(z)?
-2
Let i(k) = k**3 + 4*k**2 - k - 4. Let m be i(-4). Let z(n) = -n**2 - 10 + 3 + 2 - n. What is z(m)?
-5
Let p(b) = b**3 - 6*b**2 + 2*b - 7. Let o = -7 + 13. Let d = o - 0. Give p(d).
5
Suppose -16 = -4*n - 4. Let d(f) = 7*f + 30. Let i(o) = 3*o + 14. Let b(a) = -6*d(a) + 13*i(a). What is b(n)?
-7
Let v(y) be the second derivative of y**3/6 - 6*y**2 - 12*y. Give v(7).
-5
Let v = 23 + -23. Let u = 0 - v. Let r(i) = i**2 - i - 7. Give r(u).
-7
Let l = 1 - -2. Suppose r = 4*r + u - 22, -2*u = -3*r + 37. Let y be (l/2)/(r/12). Let s(m) = -2*m**2 + 3*m - 1. Give s(y).
-3
Suppose 21 = 5*j + 3*h, -3 = 2*j - j - 3*h. Let f(m) = -j*m + 5 - 3 + 7. Give f(6).
-9
Suppose 4 = -3*d + 5*d. Suppose 0 = -2*u + 3*o + 11, 3*u + u - 20 = 4*o. Suppose -u*n + 4 = q, d*n - q = n + 1. Let r(c) = 12*c**3 - 2*c**2 + c. Give r(n).
11
Suppose 5*n - 2*n = 0. Let q(h) be the second derivative of h**5/20 - h**4/12 + h**3/6 + 4*h**2 + 23*h. Give q(n).
8
Let d(v) = 7*v + 9*v + 4 + v**3 - 23*v + 5*v**2 + 11*v. Let s be ((-2)/(-5))/((-1)/10). Determine d(s).
4
Let c(y) be the second derivative of -y**3/6 + 3*y**2 - y. Let w be c(5). Let r(t) = -4*t. Determine r(w).
-4
Let u(z) = -2*z**2 - 2*z + 2. Let j(v) be the second derivative of v**5/20 - v**4/2 + 2*v**3/3 + 3*v**2/2 - v. Let w = 100 - 95. Let l be j(w). Give u(l).
-2
Let l(f) be the second derivative of f**4/12 + 5*f**3/6 + 5*f**2/2 + 7*f. Calculate l(-5).
5
Let r(m) = m + 1. Suppose 4*z - 4*d + 4 = -d, z = 4*d + 12. Calculate r(z).
-3
Suppose 0 = 3*j - j + 10. Let v(t) be the third derivative of t**5/60 + t**4/12 - 5*t**3/6 - 13*t**2. Give v(j).
10
Suppose 4*f - 7 = -2*h - 1, 4*f - 2*h - 18 = 0. Let m(q) be the first derivative of -1/2*q**2 + 1/3*q**f + 2 - 6*q. Calculate m(0).
-6
Let j(y) = -11*y + 1. Let h(k) = -6*k**3 - k**2 - 2*k - 1. Let t be h(-1). Let o be ((-4)/t)/(10/15). Give j(o).
12
Let n(t) = -t**3 - t**2 - t + 1. Let s(x) = -2*x**3 - 5*x**2 - 3*x + 3. Let q(g) = -3*n(g) + s(g). What is q(2)?
0
Let j(s) = -s**2 - s + 4. Let f be 2/8 + 7/4. Suppose 10 = f*t + 32. Let i be t/3 - 2/(-3). Determine j(i).
-2
Let z(q) = q + 1. Suppose 2*t + p + 22 = 4*t, 5*t = -3*p + 55. Let d = 10 - t. Calculate z(d).
0
Let h(x) = -5*x**3 + 3*x**2 - 4*x + 4. Let l(j) = 2*j**3 - j**2 + j - 1. Let n(p) = h(p) + 4*l(p). Give n(-1).
-4
Let o(q) = q + 1. Let r be o(3). Suppose r*f - 12 = 8. Let w(d) = 33 - 21 - d**3 - 17 + 5*d**2 + 2*d. What is w(f)?
5
Let w(h) = h**2 + 4. Suppose 2*t + 4*z + 4 = 0, 2*t + 3*t - 35 = 5*z. Suppose 2*v - 14 = 3*d - t, -3*d = 5*v - 25. Calculate w(d).
4
Let l = -3 - -2. Let h(c) = -20*c**2 + 5*c + 5. Let q(x) = -7*x**2 + 2*x + 2. Let d(o) = -3*h(o) + 8*q(o). Determine d(l).
4
Suppose 4*t - 3 = 5. Let v be ((-8)/(-12))/((-4)/(-30)). Suppose -v - 3 = t*n. Let d(z) = -z**2 - 5*z - 2. What is d(n)?
2
Let b(c) = c**2 - 6*c + 2. Let q be b(6). Let s(p) = 6*p - 3. Let x(j) = -13*j + 6. Let i(d) = 5*s(d) + 2*x(d). Calculate i(q).
5
Let v(m) = 5 - m**2 + 5*m**2 - m**3 + 7*m**2 + 12*m. Let l be v(12). Suppose 5*s + 20 = 5*b, l*b + 0*b - 3*s - 14 = 0. Let y(j) = 10*j. What is y(b)?
10
Let y(n) = -n + 13. Suppose 5*s - v = 37, -4*s + 5*v + 18 = -20. What is y(s)?
6
Let a(n) = 8*n**2 - 7 + 5*n - 17*n**2 + 8*n**2 + 0*n**2. Determine a(5).
-7
Let u(p) = -p**3 - p**2 + p - 5. Suppose 0 = -v + 3*v. Determine u(v).
-5
Let c(f) = 7*f**2 + 2*f - 1. Suppose 2*u = 6*u - 4. Give c(u).
8
Let a(h) = -8. Let z(b) = b - 7. Let l(q) = -4*a(q) + 5*z(q). Let d = 15 + -13. Determine l(d).
7
Let y(q) = -q**2 - 10. Let t be 0/(1 - -1 - 0). Suppose t = 4*u - 3*u. What is y(u)?
-10
Let y(a) = -2*a - 1 + 3*a - 2*a - 1. What is y(-6)?
4
Let b(g) = -g - 6. Let l(o) = o**2 + 2*o - 3. Let d be l(2). Let p(i) = i**2 - 6*i + 6. Let k be p(d). Let r be k*2 + 3 + -10. Calculate b(r).
-1
Suppose 2*u - 4*h = u + 12, -2*u + h + 10 = 0. Let s(w) = 3 - 2*w - w - u. Calculate s(1).
-4
Let o(g) = -12*g + 7. Let w be (1 - 12)/(5 + -4). Let f(c) = 23*c - 13. Let t(v) = w*o(v) - 6*f(v). What is t(1)?
-5
Let b(c) = -c + 3. Suppose 2*a = w + 14, 2*a + a - 20 = w. Calculate b(a).
-3
Let s be (-4)/14 - (-45)/35. Let m(t) = 11*t*